Let g(q) = q**2 - 2*q + 5. Give g(4).
13
Let a(y) = 4*y - 16. Calculate a(3).
-4
Let g(j) = 3*j + 10. Give g(-4).
-2
Let k(q) = -2*q**3 + 5*q**2 - 2*q - 6. Give k(3).
-21
Let v(q) = -5*q**2 + 4*q - 1. Determine v(3).
-34
Let l(o) = 17*o - 239. Give l(14).
-1
Let y(b) = b**3 + 6*b**2 - 3*b - 40. Determine y(-5).
0
Let y(z) = z**2 - 11*z + 23. Calculate y(7).
-5
Let c(v) = -v**3 + v**2 + v - 36. Determine c(0).
-36
Let s(m) = m**3 + 15*m**2 + 12*m - 20. What is s(-14)?
8
Let u(w) = -8*w**2 - 2*w + 1. Determine u(1).
-9
Let p(q) = q**3 - q**2 - 17*q + 34. Calculate p(2).
4
Let a(f) = f + 2. Determine a(-1).
1
Let x(q) = 24*q**2 - q - 1. What is x(-1)?
24
Let q(d) = 6*d + 22. What is q(-4)?
-2
Let d(s) = -s**3 + 8*s**2 + 3*s - 25. Determine d(8).
-1
Let j(k) = -3*k + 50. Determine j(5).
35
Let x(j) = -j**3 - 8*j**2 + 2*j + 32. Give x(-9).
95
Let o(t) = -3*t**2 - 2*t + 5. Calculate o(-4).
-35
Let k(g) = -g**2 + 9*g + 6. Determine k(9).
6
Let u(t) = -t**3 - 3*t**2 - 3*t - 4. Calculate u(-2).
-2
Let i(p) = -3*p**3 + 31*p**2 + 24*p - 17. What is i(11)?
5
Let a(n) = n**3 - 10*n**2 + 9*n + 6. Give a(9).
6
Let w(f) = -3*f**2 + 48*f - 1. Give w(16).
-1
Let m(u) = 2*u + 1. Give m(-15).
-29
Let l(z) = -z**3 + 12*z**2 - 9*z - 10. What is l(11)?
12
Let j(s) = -7*s + 9. Calculate j(2).
-5
Let k(g) = g**2 - 5*g - 11. Give k(6).
-5
Let c(o) = o**2 + 9*o + 1. Calculate c(-10).
11
Let l(b) = b**3 + 3*b**2 + 7*b + 10. Determine l(-4).
-34
Let j(s) = s**3 - 17*s**2 + 16*s + 16. What is j(16)?
16
Let z(a) = a**2 - 25*a - 64. Give z(27).
-10
Let i(m) = m**3 + 7*m**2 + 8*m + 4. Give i(-5).
14
Let m(u) = -2*u**3 - 8*u**2 - 8*u - 3. Give m(-2).
-3
Let o(t) = 5*t**3 + 2*t**2 + t. Give o(-1).
-4
Let c(t) = t**2 + 12*t + 9. What is c(-9)?
-18
Let z(w) = 2*w**3 + 81*w**2 + 39*w - 44. What is z(-40)?
-4
Let c(d) = 2*d**2 + 100*d - 4. Calculate c(-50).
-4
Let w(f) = -f**2 + 9*f - 5. Determine w(8).
3
Let i(o) = o**2 - 11*o - 6. What is i(11)?
-6
Let h(l) = l**3 - 25*l**2 + 18*l + 145. Calculate h(24).
1
Let u(i) = i**2 + 24*i - 50. Give u(-21).
-113
Let k(q) = q - 4. Calculate k(1).
-3
Let z(r) = -r**3 + 9*r**2 + 2*r + 2. Calculate z(7).
114
Let v(b) = -b**2 - 7*b + 9. What is v(-8)?
1
Let j(f) = -4*f**2 - 6*f - 5. Determine j(-1).
-3
Let m(j) = -j**3 + 2*j**2 - 2*j + 136. What is m(0)?
136
Let i(a) = -a**2 - 3*a - 4. Determine i(-4).
-8
Let u(p) = -10*p + 25. What is u(2)?
5
Let a(g) = g**2 + 2*g + 59. Calculate a(0).
59
Let f(u) = 3*u**2 - 8*u + 16. Determine f(3).
19
Let k(w) = w**3 - 21*w**2 - 23*w + 16. Calculate k(22).
-6
Let a(d) = 3*d**2 - 3. Give a(2).
9
Let s(d) = d**3 - 4*d**2 - 20*d - 5. Determine s(7).
2
Let v(g) = -11*g + 50. Determine v(5).
-5
Let t(n) = -n**2 + 3*n - 3. Determine t(5).
-13
Let i(p) = -5*p**2 + 97*p + 18. What is i(20)?
-42
Let f(k) = 4*k + 3. What is f(-2)?
-5
Let a(f) = -f**2 - 7*f - 12. Give a(-5).
-2
Let x(l) = 9*l + 74. Determine x(-8).
2
Let g(o) = o**2 + 2*o + 13. What is g(6)?
61
Let q(c) = c**3 + 11*c**2 - 2*c - 32. What is q(-11)?
-10
Let a(q) = 4*q + 4. What is a(4)?
20
Let f(a) = -a**2 + 9*a - 30. Determine f(5).
-10
Let x(u) = u**3 - 6*u**2 + 10*u - 8. Calculate x(4).
0
Let y(k) = k**3 - 21*k**2 + 55*k + 5. Give y(18).
23
Let s(j) = j**3 + 8*j**2 + 5*j - 3. Give s(-6).
39
Let g(a) = -9*a + 222. Calculate g(24).
6
Let s(f) = -2*f**2 - 18*f - 4. What is s(-13)?
-108
Let c(l) = -2*l**2 + 22*l - 13. Determine c(10).
7
Let t(g) = -13*g - 6. Determine t(2).
-32
Let b(f) = -f**2 - 4*f + 9. Give b(-7).
-12
Let n(c) = -3*c**3 + c. What is n(-1)?
2
Let b(r) = -r**3 + 9*r**2 - 19*r + 5. Give b(3).
2
Let y(x) = 6*x - 3. Give y(5).
27
Let g(x) = 49*x + 192. Calculate g(-4).
-4
Let l(i) = -8*i + 631. Calculate l(77).
15
Let t(f) = f**2 - 49*f + 393. Calculate t(10).
3
Let g(x) = -x**3 + 5*x**2 + 4*x - 10. Give g(5).
10
Let u(s) = 10*s + 17. What is u(0)?
17
Let v(n) = n + 3. Give v(1).
4
Let s(u) = -u**3 - 7*u**2 + 18*u + 6. What is s(-9)?
6
Let o(x) = -x**2 + 53*x - 464. Determine o(11).
-2
Let f(y) = 12*y - 43. What is f(8)?
53
Let y(q) = 3*q + 1. Give y(-2).
-5
Let b(m) = -4*m**2 - 27*m - 4. What is b(-7)?
-11
Let s(f) = f**3 + 11*f**2 - 15*f - 7. What is s(-12)?
29
Let q(c) = -3*c**3 + 4*c**2 + 4*c - 5. Calculate q(2).
-5
Let f(d) = d**2 - d - 5. Determine f(5).
15
Let d(n) = -n**2 + 5*n - 12. What is d(6)?
-18
Let o(l) = l**3 + 3*l**2 + 3*l + 5. Calculate o(-3).
-4
Let v(d) = 4*d**2 + 16*d + 7. What is v(-2)?
-9
Let h(i) = -i**3 - 2*i**2 + 2*i. Give h(2).
-12
Let s(k) = -13*k**3 - k**2 + k - 1. Give s(1).
-14
Let n(j) = j**3 - 5*j**2 + 4*j - 1. Determine n(5).
19
Let h(c) = 7*c + 62. What is h(-9)?
-1
Let d(p) = -p**2 - 6*p + 8. What is d(-6)?
8
Let w(x) = -x**3 + 4*x - 1. Determine w(2).
-1
Let c(m) = -m - 7. Give c(-4).
-3
Let d(c) = -c**3 - 4*c**2 + 3*c - 4. Give d(-5).
6
Let l(v) = 22*v + 144. Give l(-7).
-10
Let n(c) = -c**2 - 10*c - 2. What is n(-5)?
23
Let u(y) = -y**2 - 11*y + 89. Give u(-19).
-63
Let f(t) = t**2 + 6*t - 16. Determine f(-9).
11
Let k(w) = w**3 - 8*w**2 + 36. Calculate k(8).
36
Let o(k) = -k - 16. Calculate o(-8).
-8
Let y(l) = l**3 + 5*l**2 + 2*l - 5. Determine y(-5).
-15
Let g(y) = -y**2 + 11*y - 27. Determine g(4).
1
Let n(b) = -b**2 - 19*b - 24. Determine n(-17).
10
Let y(i) = i**3 - 8*i**2 + 3*i + 15. Calculate y(7).
-13
Let p(x) = -5*x + 296. Calculate p(58).
6
Let a(l) = -46*l + 142. Calculate a(3).
4
Let h(y) = -y**3 + 11*y**2 + 15*y - 13. What is h(12)?
23
Let z(h) = h**2 - 5*h + 6. What is z(6)?
12
Let l(k) = -k**2 - 17. Calculate l(-4).
-33
Let r(h) = -h**2 - 7*h + 6. Determine r(-11).
-38
Let s(b) = 15*b - 2. Calculate s(-1).
-17
Let z(l) = -l**3 + 2*l. Give z(-2).
4
Let f(d) = 3*d**2 + 327*d - 327. Calculate f(-110).
3
Let i(x) = -9*x**3 - 2*x**2 - 6*x - 5. Calculate i(-1).
8
Let v(c) = -c**3 + 11*c**2 - 22*c - 49. What is v(7)?
-7
Let b(p) = -p**2 + 3*p - 2. Calculate b(4).
-6
Let h(t) = -t - 21. Calculate h(-15).
-6
Let a(y) = 4*y - 14. What is a(8)?
18
Let i(c) = -39*c**3 + c**2 - 2*c + 2. Determine i(1).
-38
Let s(o) = o**3 - 9*o**2 + 10*o + 1. Determine s(7).
-27
Let d(l) = l**3 - 4*l**2 - 2*l + 3. Give d(3).
-12
Let m(n) = -18*n**2 + 127*n - 2. Calculate m(7).
5
Let a(d) = d**2 - 11*d - 5. Give a(12).
7
Let l(v) = v - 3. Give l(-17).
-20
Let k(l) = 2*l - 8. Determine k(-9).
-26
Let u(n) = n**3 - 3*n**2 + 19*n - 36. Give u(2).
-2
Let n(k) = k**3 + 5*k**2 - 14*k - 48. Calculate n(-6).
0
Let m(x) = -x**3 - 14*x**2 + 41*x + 144. Calculate m(-16).
0
Let g(l) = -9*l + 157. What is g(21)?
-32
Let b(j) = j**2 + 11*j - 3. Give b(-11).
-3
Let p(l) = -l**3 + 8*l**2 + 24*l - 33. Calculate p(10).
7
Let j(c) = -2*c**2 - 12*c - 27. Calculate j(-4).
-11
Let j(n) = -n**3 - 9*n**2 + 2*n + 12. Calculate j(-9).
-6
Let v(c) = -2*c - 14. What is v(-9)?
4
Let i(t) = t**2 - 18*t - 39. Determine i(20).
1
Let n(u) = -u**3 - 9*u**2 - 9*u + 9. What is n(-7)?
-26
Let p(y) = -142*y**3 + y. Give p(1).
-141
Let c(w) = w**3 - 6*w**2 + 2*w - 1. Determine c(5).
-16
Let q(j) = -2*j**2 - 3*j + 5. Determine q(-5).
-30
Let k(r) = -2*r**2 + 7*r - 3. Give k(5).
-18
Let g(b) = -b**3 - 15*b**2 + b + 21. Determine g(-15).
6
Let i(j) = j**3 - 45*j**2 - 4*j + 199. What is i(45)?
19
Let k(t) = t**3 - t**2 - 12*t. What is k(-3)?
0
Let d(p) = 10*p + 263. Determine d(-28).
-17
Let q(t) = -t**3 - 16*t**2 + 17*t + 32. What is q(-17)?
32
Let d(u) = u**3 + 8*u**2 - 6*u + 12. Determine d(-9).
-15
Let o(h) = -h**3 + 5*h**2 - 6*h - 1. Determine o(4).
-9
Let f(a) = -a**3 - 13*a**2 + 6*a + 50. Give f(-13).
-28
Let s(l) = 2*l + 19. Calculate s(-7).
5
Let b(y) = -y**2 - 11*y - 13. Determine b(-11).
-13
Let d(z) = -2*z**2 + 17*z - 23. Determine d(11).
-78
Let g(k) = -k**2 - 2*k - 16. Determine g(3).
-31
Let c(z) = z**3 - 4*z + 1. Give c(3).
16
Let q(u) = 3*u**2 - 38*u - 19. Give q(13).
-6
Let z(w) = -w**2 + 4. Calculate z(-2).
0
Let k(p) = -p**3 - 4*p**2 + 13*p + 13. Determine k(-4).
-39
Let m(z) = z**3 + 4*z**2 + 4*z + 2. Give m(-2).
2
Let b(p) = 6*p**2 + 8*p + 12. What is b(-2)?
20
Let y(v) = -3*v + 13. Calculate y(5).
-2
Let r(y) = -10*y**2 + y - 1. Calculate r(1).
-10
Let u(j) = -2*j**2 - 9*j - 1. Determine u(-4).
3
Let l(g) = -2*g - 5. What is l(-5)?
5
Let u(v) = 5*v - 26. Determine u(8).
14
Let v(p) = p**3 + 36*p**2 - 29. Calculate v(-36).
-29
Let w